n millions digit of 293651150?
9
What is the hundred thousands digit of 1610846591?
8
What is the millions digit of 109126815?
9
What is the ten thousands digit of 25271003?
7
What is the tens digit of 5895681726?
2
What is the ten thousands digit of 313729499?
2
What is the millions digit of 38083959?
8
What is the tens digit of 944781974?
7
What is the tens digit of 101344063?
6
What is the hundred thousands digit of 893466686?
4
What is the hundred millions digit of 3673780173?
6
What is the tens digit of 154037521?
2
What is the thousands digit of 241940696?
0
What is the thousands digit of 148677749?
7
What is the millions digit of 574468820?
4
What is the thousands digit of 94869628?
9
What is the ten thousands digit of 966169780?
6
What is the hundreds digit of 15002826?
8
What is the hundreds digit of 2793469840?
8
What is the hundred thousands digit of 3126620421?
6
What is the hundreds digit of 737973343?
3
What is the tens digit of 159252506?
0
What is the units digit of 88276744?
4
What is the ten thousands digit of 51935591?
3
What is the millions digit of 3283384?
3
What is the tens digit of 320872856?
5
What is the billions digit of 7600518570?
7
What is the units digit of 83106273?
3
What is the hundred thousands digit of 591816543?
8
What is the tens digit of 95006690?
9
What is the hundred millions digit of 178379014?
1
What is the ten millions digit of 498097017?
9
What is the hundreds digit of 291133106?
1
What is the ten thousands digit of 2858773369?
7
What is the ten millions digit of 42795539?
4
What is the hundred thousands digit of 310192?
3
What is the ten thousands digit of 75890546?
9
What is the hundred thousands digit of 1280504156?
5
What is the ten millions digit of 44606540?
4
What is the units digit of 34886528?
8
What is the millions digit of 39744921?
9
What is the hundred thousands digit of 515548185?
5
What is the hundreds digit of 188036462?
4
What is the ten millions digit of 31547138?
3
What is the hundreds digit of 106981614?
6
What is the ten thousands digit of 110295522?
9
What is the hundreds digit of 744983?
9
What is the hundred millions digit of 1907489650?
9
What is the ten thousands digit of 9559068?
5
What is the ten millions digit of 283670512?
8
What is the ten millions digit of 527949297?
2
What is the thousands digit of 21329107?
9
What is the tens digit of 894020613?
1
What is the hundreds digit of 27506569?
5
What is the tens digit of 23170643?
4
What is the hundred millions digit of 178030595?
1
What is the hundred thousands digit of 86511638?
5
What is the ten millions digit of 412187565?
1
What is the millions digit of 182066845?
2
What is the hundreds digit of 423901084?
0
What is the thousands digit of 523389091?
9
What is the hundreds digit of 40331712?
7
What is the hundreds digit of 24082754?
7
What is the hundred thousands digit of 123903484?
9
What is the units digit of 15453115?
5
What is the hundreds digit of 1088704142?
1
What is the units digit of 372061546?
6
What is the ten millions digit of 227758988?
2
What is the tens digit of 328533303?
0
What is the units digit of 6120642188?
8
What is the ten thousands digit of 1759685596?
8
What is the thousands digit of 206107024?
7
What is the billions digit of 1391275247?
1
What is the hundred thousands digit of 478010170?
0
What is the tens digit of 140893815?
1
What is the hundred millions digit of 1819370199?
8
What is the tens digit of 58389917?
1
What is the units digit of 37239264?
4
What is the ten millions digit of 724809190?
2
What is the units digit of 26985275?
5
What is the hundred thousands digit of 247483412?
4
What is the tens digit of 606551162?
6
What is the hundred thousands digit of 345143486?
1
What is the thousands digit of 408133447?
3
What is the tens digit of 1979978135?
3
What is the units digit of 64305859?
9
What is the hundred millions digit of 249248546?
2
What is the units digit of 1243484507?
7
What is the ten thousands digit of 45406388?
0
What is the hundred thousands digit of 4546808913?
8
What is the billions digit of 1026049069?
1
What is the hundred thousands digit of 2721885047?
8
What is the ten millions digit of 2314885602?
1
What is the hundreds digit of 2199729940?
9
What is the tens digit of 1256032789?
8
What is the millions digit of 232641670?
2
What is the hundred thousands digit of 2417676495?
6
What is the thousands digit of 435161172?
1
What is the tens digit of 135171982?
8
What is the hundred thousands digit of 1867542520?
5
What is the hundred thousands digit of 395815484?
8
What is the ten millions digit of 26310139?
2
What is the millions digit of 38500648?
8
What is the thousands digit of 602338368?
8
What is the millions digit of 126798326?
6
What is the units digit of 54155914?
4
What is the hundred thousands digit of 2517478?
5
What is the millions digit of 19131532?
9
What is the ten millions digit of 990165530?
9
What is the ten millions digit of 1180965576?
8
What is the millions digit of 3089836?
3
What is the tens digit of 123682420?
2
What is the thousands digit of 155017585?
7
What is the units digit of 65484051?
1
What is the hundreds digit of 53677646?
6
What is the units digit of 59359320?
0
What is the units digit of 115815522?
2
What is the tens digit of 89696127?
2
What is the thousands digit of 1795500687?
0
What is the hundreds digit of 10243411?
4
What is the units digit of 747123679?
9
What is the thousands digit of 1155367392?
7
What is the units digit of 16059184?
4
What is the units digit of 589775908?
8
What is the units digit of 2112932?
2
What is the hundreds digit of 2281669664?
6
What is the ten millions digit of 71529357?
7
What is the units digit of 955265493?
3
What is the thousands digit of 107476163?
6
What is the hundred thousands digit of 6575735999?
7
What is the units digit of 55843209?
9
What is the units digit of 3775098666?
6
What is the hundred thousands digit of 361769661?
7
What is the tens digit of 2091502376?
7
What is the ten thousands digit of 2196313344?
1
What is the ten thousands digit of 92128730?
2
What is the ten millions digit of 198222906?
9
What is the hundred thousands digit of 15440765?
4
What is the ten thousands digit of 455400479?
0
What is the hundred millions digit of 2311461414?
3
What is the hundreds digit of 99090?
0
What is the tens digit of 316269045?
4
What is the hundreds digit of 2377426718?
7
What is the ten millions digit of 266549110?
6
What is the millions digit of 545705752?
5
What is the tens digit of 93537598?
9
What is the hundreds digit of 112414650?
6
What is the hundred thousands digit of 64912993?
9
What is the tens digit of 1834285?
8
What is the units digit of 2491773673?
3
What is the hundred millions digit of 2725496954?
7
What is the hundred thousands digit of 53812907?
8
What is the hundreds digit of 106520149?
1
What is the hundreds digit of 820337080?
0
What is the ten thousands digit of 95783042?
8
What is the tens digit of 19735445?
4
What is the units digit of 1449983201?
1
What is the tens digit of 64531629?
2
What is the hundreds digit of 900252410?
4
What is the thousands digit of 1023783401?
3
What is the millions digit of 1695276714?
5
What is the hundred millions digit of 1253478129?
2
What is the units digit of 109432651?
1
What is the ten millions digit of 47517564?
4
What is the hundred millions digit of 593629843?
5
What is the hundreds digit of 1997446300?
3
What is the tens digit of 497321175?
7
What is the units digit of 348812865?
5
What is the hundred millions digit of 128459279?
1
What is the hundred thousands digit of 69914198?
9
What is the millions digit of 4010306080?
0
What is the units digit of 1767530296?
6
What is the tens digit of 154808392?
9
What is the hundreds digit of 467812432?
4
What is the millions digit of 186066837?
6
What is the thousands digit of 436086140?
6
What is the tens digit of 3235959?
5
What is the units digit of 126143922?
2
What is the units digit of 46735651?
1
What is the hundreds digit of 1005406?
4
What is the ten millions digit of 964256616?
6
What is the tens digit of 237504881?
8
What is the ten thousands digit of 4196511533?
1
What is the ten millions digit of 90459485?
9
What is the tens digit of 537836213?
1
What is the